80. What is the greatest common factor of q and 846?
94
Let z be (-3)/((-2)/10*1). Suppose 0 = h - 4*c + 11, 6*h - 4*c = 3*h - 1. Calculate the highest common divisor of h and z.
5
Suppose 2*n + 2*q - 4*q - 136 = 0, 0 = -2*q + 4. Calculate the greatest common factor of 10 and n.
10
Let a be 3520/100 + (-4)/20. Let f be 2/5 + 48/(-20). Let v(x) = -x**3 - x**2 - 2*x - 1. Let j be v(f). Calculate the greatest common factor of a and j.
7
Let o be (9/3)/((-15)/(-35)). Suppose -4*j - 5*m + 0*m = -18, 0 = 4*j + m - 26. Calculate the highest common factor of o and j.
7
Let j(a) = a + 3. Let y be j(-1). Suppose -2*i + y = -0*i. Let f be 1/(28/9 - 3). What is the highest common factor of f and i?
1
Let x = 834 - 820. What is the highest common divisor of x and 1176?
14
Suppose 12*u - 6672 = 26460. What is the greatest common divisor of 11 and u?
11
Suppose 4385 = 14*p - 4225. Calculate the greatest common factor of 15 and p.
15
Let a = 173 + -143. Calculate the highest common divisor of a and 90.
30
Let y be 4*-1*-1*3. Suppose 307*x = 341*x - 816. Calculate the highest common divisor of x and y.
12
Suppose -4*l + 7*l = 3. Suppose n - 3*a = -5 + l, -n + 26 = 3*a. What is the highest common divisor of n and 66?
11
Suppose 0 = -4*q - x + 213, -2*q + 76 = x - 33. Let s = -27 + q. Calculate the greatest common factor of s and 100.
25
Let l be 4 - -2*(-4)/8. Let p be 7 - (-1)/3*l. Calculate the greatest common factor of p and 8.
8
Suppose -62 = -2*s + 64. Suppose -6*y - 45 = -y. Let q(v) = v**2 + 8*v. Let u be q(y). What is the highest common factor of s and u?
9
Suppose 0 = 3*r - 6, 4*r = -j + 86 - 24. Calculate the highest common factor of 594 and j.
54
Suppose m + 4 - 2 = 0, -u = 2*m + 1. Suppose 9 = 7*f - 3*f + 3*c, -3*f - u*c + 6 = 0. Suppose -f*n - 16 = -178. What is the highest common divisor of 36 and n?
18
Let y be 1 + -8*3/6. Let r be y/(-3)*-4*-56. Calculate the highest common factor of r and 32.
32
Suppose -m + 5*m - 2 = 3*o, -2*m + 10 = 3*o. Suppose 2*b + 3 = -u, -b + 2*u = -2*u - 21. What is the greatest common factor of m and b?
1
Suppose -i - 36 = 5*i. Let q be (-86)/(-18) - (-7)/((-189)/i). What is the greatest common divisor of q and 45?
5
Suppose 4*o - c = 74 - 215, 5*o - 5*c = -180. Let f = -21 - o. Let m = -23 - -65. Calculate the greatest common divisor of m and f.
14
Suppose -18 - 8 = -w. Let h = -39 + w. Let g = h - -27. Calculate the greatest common divisor of 126 and g.
14
Let f be (-24)/(-168) + (-4913)/(-7). Calculate the greatest common divisor of 78 and f.
78
Suppose 0 = w + 3408 - 3462. What is the greatest common divisor of w and 12?
6
Let b(k) = k**2 - 13*k. Let m be b(4). Let y = -22 - m. Calculate the greatest common factor of y and 70.
14
Suppose -33*u + 19*u = -3080. What is the highest common factor of 55 and u?
55
Let y be -4*(8 + -7) - -20. Let n be 83/5 - (-4)/10. Suppose f = n - 1. What is the greatest common factor of y and f?
16
Let r = -1323 + 1668. Calculate the greatest common divisor of r and 30.
15
Let s = 12 + -8. Let v be (-10 + s)/6 - (-5 + 2). Let l(u) = u**3 + 7*u**2 + 6*u + 2. Let d be l(-5). Calculate the highest common factor of v and d.
2
Let d be ((-1)/(-2))/((-1)/(-10)). Suppose v = d*n + 25, -3*n = -4*v + 102 - 36. Suppose -r + 4 = -6. What is the greatest common divisor of v and r?
5
Let k(q) = -q**3 + 3*q**2 + 19*q. Let y be k(6). What is the highest common factor of 8 and y?
2
Suppose c - 2*c = -5. Suppose 15 = -c*x + 735. Calculate the greatest common factor of 16 and x.
16
Suppose 12 - 2 = u. Suppose 2*c = 4*s - u, 2*c = 7*c + 5*s - 20. Calculate the greatest common divisor of c and 1.
1
Let t be (1 - 6/4)*-74*1. Suppose -u - j = -4*u + t, -u + 2*j = -19. Calculate the greatest common divisor of 187 and u.
11
Suppose 2*z - 25 = -3*z. Suppose 8 = -z*p + 4*u + 30, 4*u + 2 = -5*p. Suppose 3*r - 14 = -p. What is the greatest common divisor of r and 16?
4
Let a(l) = 8*l**3 - 9*l**2 - l - 1. Let z(i) = -9*i**3 + 10*i**2. Let v(r) = -7*a(r) - 6*z(r). Let m be v(-4). What is the highest common divisor of 31 and m?
31
Let f be (-3)/(553/112 + -5). Calculate the greatest common factor of 112 and f.
16
Let a = 7819 - 7791. Let d = 11 + -7. What is the greatest common divisor of d and a?
4
Let u(w) = -w**3 + 17*w**2 - 6. Let n be u(7). Calculate the greatest common divisor of n and 44.
44
Suppose 5*w - 5*r = 20, 4*r - 4 = -12. Suppose 2*q = -3*h + 38, 2*h + w*q - 32 = -q. Calculate the highest common divisor of 50 and h.
10
Let p(t) = 63*t + 203. Let i be p(-3). Calculate the highest common factor of i and 378.
14
Let t = -20 - -56. Let f = -2 + t. Let s = -28 + f. What is the greatest common divisor of s and 3?
3
Suppose 0*i - 25 = -5*i. Let l be 2*-12*(1 + i)*-1. What is the highest common factor of l and 18?
18
Let r(f) be the first derivative of f - 161/2*f**2 + 2. Let u be r(-1). Calculate the highest common divisor of 18 and u.
18
Let g(h) = 2*h**2 - 28*h + 38. Let p be g(14). Calculate the greatest common divisor of 304 and p.
38
Let b be 1438/9 + (-8)/(-36). Suppose -15*x + 5*x + b = 0. What is the greatest common divisor of x and 40?
8
Suppose 3*j - 5 - 1 = 0. Suppose 4*h + j*h = 378. Suppose -109 = -2*l - 5*n, 4*n - 5 = 3*n. What is the greatest common divisor of h and l?
21
Suppose r + 4 - 1 = 0. Let k = r + 9. Suppose -k*o - 260 = -11*o. What is the highest common factor of 13 and o?
13
Suppose -48 = -2*i - 4*g, -7*i + 5*g = -4*i - 17. What is the highest common divisor of 4 and i?
2
Suppose 354*y - 356*y + 238 = 0. What is the highest common divisor of y and 17?
17
Let p be 54/(-9)*(192/(-2))/4. Let k = -3 + 21. What is the greatest common divisor of p and k?
18
Suppose 2*z = k + 473 + 295, 2*z - 2*k - 768 = 0. Let b be ((-11)/(-2))/(-8*(-4)/z). What is the highest common factor of 6 and b?
6
Let m = 382 - 348. Calculate the greatest common divisor of 4 and m.
2
Suppose -z + 0*c + 76 = -c, -z - c = -84. Let x = 83 - z. What is the greatest common factor of x and 12?
3
Suppose -16 - 49 = -5*t. Let j = 32 - t. Let b(p) = p**2 - 3*p - 9. Let i be b(7). What is the highest common factor of j and i?
19
Let i = 68 - 53. Suppose -i*a - 120 = -16*a. Suppose 0 = -4*w - 2*h + 58, -5*h - 20 = -w - 0*w. Calculate the highest common divisor of a and w.
15
Let r(o) = -o**3 + 4*o**2 + 24*o - 6. Let s be r(7). Calculate the highest common factor of s and 36.
3
Suppose f - 23 = -5*h + 67, 0 = 4*h - 5*f - 72. Let x = h + -9. Calculate the greatest common divisor of x and 6.
3
Suppose 25*i + 615 = 30*i. Calculate the highest common factor of i and 164.
41
Let r(b) = 4*b + 1. Let a(w) = 37*w + 4 - 1 - 30*w. Let z(g) = -3*a(g) + 5*r(g). Let s be z(-14). Calculate the greatest common factor of 50 and s.
10
Let l be (0 - -1) + (-47)/(-1). Suppose 0 = 5*k - 15, -30*h = -32*h - 2*k + 54. Calculate the greatest common factor of h and l.
24
Suppose 3*t = -g + 2114, -g + 1877 = 4*t - 941. Calculate the greatest common divisor of 384 and t.
64
Let n be (4 + -2)/2 - (-3 - -1). Suppose -n*i - 104 = -7*i. What is the greatest common divisor of 13 and i?
13
Let g = 236 - 4. What is the greatest common divisor of g and 58?
58
Let v(r) = -17*r + 3. Let h be v(-6). Let k(s) = 4*s - 7. Let m be k(-2). Let o be -2 - ((-4)/2 + m). Calculate the highest common divisor of o and h.
15
Let m be 70/(-4)*(-1660)/581. What is the highest common divisor of m and 75?
25
Let n = -109 - -111. Suppose -n*k - 7 = -3*j - 28, 3*k - 28 = j. What is the highest common divisor of k and 27?
9
Suppose g - 630 = 8*g. Let s = g + 201. Calculate the highest common divisor of s and 74.
37
Suppose 0 = 2*d - 3*d - 3*r + 13, -r - 17 = -d. Let l(a) = -a**2 + 18*a - 20. Let w be l(d). What is the greatest common factor of 4 and w?
4
Let v(q) = -q**2 - 9*q + 7. Let y be (2 - 4) + (-1 - -135). Let o be (-2)/10 - y/15. Let b be v(o). Calculate the highest common factor of b and 70.
7
Suppose -11*s + 630 = -6*s. Calculate the highest common divisor of 28 and s.
14
Let w(n) = 4*n**2 + 5*n + 9. Let x be w(-6). What is the greatest common divisor of 82 and x?
41
Suppose 2*f - 15 - 3 = 0. Calculate the highest common divisor of 6 and f.
3
Suppose 80*c - 21743 = -4943. Calculate the greatest common divisor of 770 and c.
70
Let a(m) = 2*m**3 - 5*m**2 + 4*m - 2. Let